factors of i?
2, 5, 43
Let b = 345 + 4031. What are the prime factors of b?
2, 547
Let f = 2242 - -17815. What are the prime factors of f?
31, 647
Let w = 201 - -120. Let y be (-4)/(-22) - 5606/(-22). Suppose w = 6*o - y. List the prime factors of o.
2, 3
Suppose -17*c + 13*c = -11*c + 96607. List the prime factors of c.
37, 373
Suppose -4 = -k + 3*q, 0 = -q - 0 - 1. Suppose p = -3*r + 14, 2*r + p = 4*r - k. Suppose 3*g = -r*t + 363, -4*g - 485 = -4*t - 9*g. List the prime factors of t.
2, 3, 5
Suppose -40*o + 86625 + 139076 = 41461. List the prime factors of o.
2, 7, 47
Suppose 37*w - 38975 - 333430 = 0. List the prime factors of w.
3, 5, 11, 61
Suppose 2*h = b - 16477, -82325 = 14*b - 19*b - 5*h. What are the prime factors of b?
43, 383
Let n(f) = 50 + 40 - 88 + 412*f - 64*f. What are the prime factors of n(1)?
2, 5, 7
List the prime factors of (-1863)/(-2484) - 46029/(-4).
2, 3, 7, 137
Let q(t) = -4*t**3 + 65*t**2 - 13*t - 16. List the prime factors of q(16).
2
Suppose -7*c + 4 = -3*c, -4*n + 13825 = c. List the prime factors of n.
2, 3
Let i = 65 + -62. Suppose -2*g - i*j = -260, -356 = -0*g - 3*g + 4*j. Suppose 4*n - 262 = 3*s, -2*s = 2*n - 7*s - g. What are the prime factors of n?
67
Let a = 106417 + -60257. What are the prime factors of a?
2, 5, 577
Let a be (32/12 - 2)*249. Suppose 48 = f + 5*i, 5*f + 4*i = 2*f + a. What are the prime factors of (-4 - -5)/(2/f)?
29
Suppose 2*i = 10*i - 29528. Suppose 30 - i = -7*s. What are the prime factors of s?
523
Suppose 2*r = -l - 3*l + 8, -3 = 5*l - 4*r. Suppose -2*t - l = 1. Let c = t + 14. List the prime factors of c.
13
Let j be (6 - 14 - -5)/((-3)/16). Suppose 0 = 3*a - j*a. Suppose -2*v + 43 + 221 = a. What are the prime factors of v?
2, 3, 11
Suppose 4*f = 2*l + l + 8, -l + 4 = 2*f. Suppose -q + 3*b + 725 = l, -3*b - 482 + 4071 = 5*q. What are the prime factors of q?
719
Let f(p) = p**3 - 4*p**2 - 13*p + 11. Let b be f(7). Let w = 67 - b. Let t(h) = 2*h + 4. What are the prime factors of t(w)?
2
Suppose -s = 3*y - 7671, 13430 = 4*s + y - 17199. Suppose -13*g - 12 + s = 0. What are the prime factors of g?
2, 3, 7
Let z(a) = 5*a**2 - 213*a + 229. What are the prime factors of z(67)?
3, 2801
Let t = -403 + -119. Let m = t - -905. What are the prime factors of m?
383
Let n(l) = 20 + 2*l - l + 2 - 2. Let i be n(-5). What are the prime factors of -2 + 24/i - 396/(-15)?
2, 13
Let k(u) = -6*u**3 + 5*u**2 + 4*u - 8. Suppose -35*a = -32*a + 12. What are the prime factors of k(a)?
2, 5, 11
Suppose 3*i + 0*d = -3*d + 33, -57 = -5*i - 3*d. Let s be 42/i + -2 + 1/(-2). List the prime factors of (s + 113)/((-5)/((-10)/4)).
3, 19
Let w(j) = 5 - 19 - 7*j + 2*j + 25*j. List the prime factors of w(4).
2, 3, 11
Let u(d) = -d**3 + 47*d**2 + 97*d + 53. Let z be u(49). Suppose h - 2214 = -2*j - 3*h, -8 = z*h. List the prime factors of j.
11, 101
Suppose -154*i - 4*y - 2812 = -152*i, -4*y = 0. Let l = i - -2831. List the prime factors of l.
3, 5, 19
Let r(o) = 7*o + 45. Let s be r(-6). Suppose 3*m - 1490 = -y, -y - 2978 = -s*y - 4*m. List the prime factors of y.
1487
Let h = 36960 + -20320. List the prime factors of h.
2, 5, 13
Let i = 30 - 26. Suppose -i*z + 28 = 4*b, -2*z - 46 = -4*b + 3*z. Suppose 2*f = 3 + b. What are the prime factors of f?
2, 3
Suppose 30 = 2*n + 4*l - 2, 5*l + 95 = 5*n. Suppose -3 = 15*v - n*v. List the prime factors of 1*(-102)/(-3) + (-2 - v).
31
Suppose 3*n - 4155 = -1563. Let q = n - 729. List the prime factors of q.
3, 5
Let s = -43 - -41. Let y be s/4*(2 - 4)*0. Suppose -21*t + 24*t - 327 = y. List the prime factors of t.
109
Let b = 31 + -49. Let j = b + 20. Let r = j + 57. List the prime factors of r.
59
Suppose -3841100 + 1530011 = 192*k - 251*k. List the prime factors of k.
3, 11, 1187
Let i(f) = -f**3 + 21*f**2 + 13*f + 25. Let w be i(13). Let p = w + -924. Let l = -442 + p. What are the prime factors of l?
2, 3, 5
Suppose -4*j - 3*t + 5*t = -9494, -11872 = -5*j + t. Let c = j + -1424. List the prime factors of c.
3, 317
Let x(r) = -r**3 + 81*r**2 - 158*r + 8. List the prime factors of x(73).
2, 103, 151
Suppose 73*i - 69*i + 2*k - 50014 = 0, -k = -i + 12505. List the prime factors of i.
2, 3, 521
Let z(l) = 47*l**2 - 10*l. Let f(n) = 6*n - 110. Let u be f(18). List the prime factors of z(u).
2, 13
Suppose -3*i - i = 8. Let q = i - -1. List the prime factors of q - 12/(1 + -5).
2
Suppose 2*o + 5*s - 21585 = 0, 52*o - 21550 = 50*o + 2*s. List the prime factors of o.
2, 5, 7, 11
Let h(s) = -16*s**3 + s**2 - s - 6. Let q = 31 - 34. Let f be h(q). Suppose f = 16*b - 10*b. What are the prime factors of b?
73
Let f be 53 + (-4)/(-6)*(-27)/9. Let m = f - -417. What are the prime factors of m?
2, 3, 13
Let r = -12 - -5. Let f(m) = -3*m**2 - 2*m + 3. Let c(n) = -7*n**2 - 5*n + 6. Let u(y) = -4*c(y) + 9*f(y). What are the prime factors of u(r)?
2, 19
Suppose s - 12 = 5*s, 2*s + 6 = -4*a. Suppose -11*o + 6*o + 15 = a. Suppose 0 = -o*j + 2*k + 197, 4*j - 248 = -0*k - k. List the prime factors of j.
3, 7
Let o(u) = 1697*u + 12769. What are the prime factors of o(0)?
113
Let m = 6619 - 2749. Suppose -5710 = -5*g + 5*p, m + 692 = 4*g - p. What are the prime factors of g?
2, 3, 5, 19
Let j(t) = -58*t**3 - 3*t**2 - 2*t - 4. Suppose -84*h = -36*h + 96. What are the prime factors of j(h)?
2, 113
Suppose p - 5*r - 9 = -0*p, 0 = 4*p + 4*r - 12. Suppose -p*s = 4*s - 96. Let m = s + 69. What are the prime factors of m?
3
Let n = -109 - -99. Let j(u) = u**3 + 7*u**2 - 31*u - 6. Let i be j(n). Suppose i*l - l - 122 = -h, -5*l + 370 = 3*h. What are the prime factors of h?
5
What are the prime factors of (17 + 6864/(-32))*(-1 + -81)?
5, 41, 79
Suppose 0 = -4*g + 3*j + 102617, 13*j - 9*j = -12. List the prime factors of g.
2, 11, 53
Let l(v) = 11*v**2 + 22*v - 63. Let c be l(3). Suppose 5*a = -c + 3832. List the prime factors of a.
2, 373
Let i(l) = -88*l + 6. Let a be (-1 - 7)*(-64)/(-128). List the prime factors of i(a).
2, 179
Suppose -7*j + 53 = 4. Let m(r) = -26 + 18*r + j - 3. What are the prime factors of m(4)?
2, 5
Let g(d) = 656*d**2 + 116*d + 149. List the prime factors of g(-7).
31481
Let g(d) = -d**3 - 2*d**2 + 12*d + 8. Suppose 7 = -3*j + 4*y, 3*j + y = -5 - 12. What are the prime factors of g(j)?
23
Let u(v) = -v**3 + 8*v**2 + 5*v + 4. Let o(z) = -9*z**2 - 6*z - 5. Let k(g) = 5*o(g) + 6*u(g). What are the prime factors of k(-1)?
2
Suppose 5*j - i + 8935 = 0, -3*j = i - 0*i + 5353. Let m = -983 - j. What are the prime factors of m?
11, 73
Let o be 2*2/(-10)*820/(-82). List the prime factors of 42*((-8)/(-2) - (-2 + o)).
2, 3, 7
Let j = -82684 - -143124. What are the prime factors of j?
2, 5, 1511
Let w be (-3)/((-21)/(-6) + 5*-1). Let s be 12/(-9) + (-1645)/(-3). Suppose 3*x + o = -x + s, o = -w*x + 275. What are the prime factors of x?
2, 17
Suppose -5*f = -5*p - 1190, -3*p - p - 916 = 5*f. Let x = 321 + p. What are the prime factors of x?
3, 29
Let b = 6973 + -6961. Let t(i) = -8 - 3*i + i**3 - 2*i**3 - 1 + 13*i**2. List the prime factors of t(b).
3, 11
Let o be (3/6*152)/2. Suppose -40*u = -o*u - 8. Suppose 66 = 5*v - 2*h, 3*v - 4*h + u - 38 = 0. List the prime factors of v.
2, 7
Suppose -43566 = -2*n + 4*w, -4*n + 5*w + 90529 = 3391. List the prime factors of n.
21787
Let p = 30408 - 20216. What are the prime factors of p?
2, 7, 13
Let i(h) = -h - 15. Let u be i(-11). Let y = u + 9. Suppose 4*t + 128 = -f + 2*f, -2*t - 640 = -y*f. List the prime factors of f.
2
Suppose -2*f = -4*n + 286968, 4 - 12 = 4*f. List the prime factors of n.
71741
Suppose 3*s = 61 - 7. Suppose -16*f = -s*f + 2. List the prime factors of f/(-4) + 519/12.
43
Suppose -102*f + 88001 + 40213 = 0. What are the prime factors of f?
3, 419
Let k(b) = -11*b**3 - 8*b**2 - 2*b + 6. What are the prime factors of k(-9)?
3, 5, 17, 29
Suppose 124060 = 290*v - 270*v. What are the prime factors of v?
6203
Let n = -6597 + 11234. List the prime factors of n.
4637
Let q(h) = 179*h - 136. What are the prime factors of q(31)?
5413
Let m(h) = -2*h - 9*h + 38*h**2 + 5*h - 7. What are the prime factors of m(-3)?
353
Let d = -787 + 786. What are the prime factors of 9*(d - 0) - -1149?
2, 3, 5, 19
Suppose 19*l - 3*t = 21*l - 10541, 15811 = 3*l + 5*t. Suppose 3*q - 4*s - l = 0, 0 = -4*q - 0*q - 2*s + 7044. What are the prime factors of q?